er when 5883 is divided by 1960?
3
What is the remainder when 11706 is divided by 1332?
1050
What is the remainder when 404663 is divided by 80931?
8
What is the remainder when 1253 is divided by 702?
551
What is the remainder when 910 is divided by 79?
41
Calculate the remainder when 149951 is divided by 71.
70
Calculate the remainder when 7303 is divided by 54.
13
What is the remainder when 4840 is divided by 435?
55
What is the remainder when 112649 is divided by 141?
131
Calculate the remainder when 10614 is divided by 41.
36
Calculate the remainder when 781 is divided by 187.
33
Calculate the remainder when 18813 is divided by 586.
61
What is the remainder when 90617 is divided by 22?
21
Calculate the remainder when 474718 is divided by 10100.
18
What is the remainder when 254 is divided by 207?
47
Calculate the remainder when 19502 is divided by 612.
530
What is the remainder when 197813 is divided by 141?
131
Calculate the remainder when 19266 is divided by 448.
2
Calculate the remainder when 392906 is divided by 1110.
1076
Calculate the remainder when 12810 is divided by 12803.
7
Calculate the remainder when 32064 is divided by 391.
2
What is the remainder when 114432 is divided by 37?
28
Calculate the remainder when 33700 is divided by 13.
4
What is the remainder when 176435 is divided by 56?
35
What is the remainder when 468872 is divided by 1004?
4
Calculate the remainder when 12676 is divided by 1407.
13
What is the remainder when 15703 is divided by 5229?
16
Calculate the remainder when 69255 is divided by 317.
149
What is the remainder when 4242 is divided by 2120?
2
What is the remainder when 8424 is divided by 840?
24
Calculate the remainder when 46784 is divided by 7792.
32
Calculate the remainder when 11204 is divided by 471.
371
What is the remainder when 32834 is divided by 416?
386
What is the remainder when 66059 is divided by 89?
21
Calculate the remainder when 169356 is divided by 7.
5
Calculate the remainder when 19969 is divided by 183.
22
What is the remainder when 1067647 is divided by 25?
22
Calculate the remainder when 486391 is divided by 151.
20
Calculate the remainder when 1014 is divided by 564.
450
Calculate the remainder when 110936 is divided by 15.
11
What is the remainder when 342 is divided by 103?
33
Calculate the remainder when 3242 is divided by 96.
74
What is the remainder when 2969 is divided by 17?
11
What is the remainder when 31847 is divided by 89?
74
What is the remainder when 8166 is divided by 27?
12
What is the remainder when 23836 is divided by 2?
0
What is the remainder when 6195 is divided by 350?
245
Calculate the remainder when 516 is divided by 218.
80
Calculate the remainder when 18796 is divided by 588.
568
Calculate the remainder when 27722 is divided by 869.
783
Calculate the remainder when 5172 is divided by 26.
24
What is the remainder when 714 is divided by 327?
60
Calculate the remainder when 17658 is divided by 16.
10
Calculate the remainder when 92874 is divided by 15453.
156
What is the remainder when 29665 is divided by 17?
0
What is the remainder when 15189 is divided by 112?
69
What is the remainder when 3737 is divided by 146?
87
What is the remainder when 122586 is divided by 23?
19
Calculate the remainder when 151505 is divided by 14.
11
Calculate the remainder when 1592 is divided by 133.
129
What is the remainder when 2207 is divided by 11?
7
What is the remainder when 6930 is divided by 3137?
656
Calculate the remainder when 10975 is divided by 2732.
47
What is the remainder when 178016 is divided by 92?
88
Calculate the remainder when 9404 is divided by 668.
52
What is the remainder when 7757 is divided by 1108?
1
Calculate the remainder when 175150 is divided by 178.
176
What is the remainder when 1986788 is divided by 135?
128
What is the remainder when 40608 is divided by 14?
8
What is the remainder when 57872 is divided by 24?
8
What is the remainder when 4886 is divided by 222?
2
What is the remainder when 1530 is divided by 508?
6
Calculate the remainder when 41 is divided by 23.
18
What is the remainder when 211233 is divided by 83?
81
Calculate the remainder when 1992 is divided by 204.
156
Calculate the remainder when 523101 is divided by 191.
143
What is the remainder when 30167 is divided by 109?
83
What is the remainder when 39323 is divided by 9817?
55
What is the remainder when 4366 is divided by 1012?
318
What is the remainder when 81026 is divided by 138?
20
Calculate the remainder when 2712 is divided by 276.
228
Calculate the remainder when 1256 is divided by 50.
6
What is the remainder when 4566 is divided by 772?
706
Calculate the remainder when 2225 is divided by 659.
248
What is the remainder when 38730 is divided by 63?
48
What is the remainder when 1817 is divided by 143?
101
Calculate the remainder when 85003 is divided by 462.
457
Calculate the remainder when 3972 is divided by 28.
24
Calculate the remainder when 1019873 is divided by 92715.
8
What is the remainder when 36648 is divided by 695?
508
What is the remainder when 235093 is divided by 41?
40
What is the remainder when 519861 is divided by 1046?
1045
What is the remainder when 66393 is divided by 6635?
43
What is the remainder when 15846 is divided by 14?
12
What is the remainder when 2025241 is divided by 79?
76
Calculate the remainder when 7202 is divided by 7147.
55
What is the remainder when 10696 is divided by 306?
292
What is the remainder when 533 is divided by 34?
23
What is the remainder when 514 is divided by 125?
14
What is the remainder when 113758 is divided by 37914?
16
Calculate the remainder when 31246 is divided by 822.
10
Calculate the remainder when 47668 is divided by 23832.
4
Calculate the remainder when 9823 is divided by 3251.
70
Calculate the remainder when 1488 is divided by 277.
103
What is the remainder when 17932 is divided by 61?
59
Calculate the remainder when 146212 is divided by 91.
66
What is the remainder when 60281 is divided by 262?
21
Calculate the remainder when 1846 is divided by 96.
22
Calculate the remainder when 19081 is divided by 6347.
40
Calculate the remainder when 2802 is divided by 555.
27
What is the remainder when 4397 is divided by 142?
137
Calculate the remainder when 10314 is divided by 148.
102
What is the remainder when 846455 is divided by 1225?
1205
Calculate the remainder when 2350 is divided by 755.
85
What is the remainder when 77040 is divided by 226?
200
Calculate the remainder when 2924 is divided by 49.
33
What is the remainder when 671877 is divided by 165?
162
Calculate the remainder when 58353 is divided by 55.
53
Calculate the remainder when 841463 is divided by 232.
231
What is the remainder when 39434 is divided by 9845?
54
What is the remainder when 8457071 is divided by 675?
671
Calculate the remainder when 146491 is divided by 96.
91
What is the remainder when 2116 is divided by 486?
172
Calculate the remainder when 2294730 is divided by 376.
2
Calculate the remainder when 83531 is divided by 153.
146
What is the remainder when 5757 is divided by 260?
37
What is the remainder when 20562 is divided by 6848?
18
Calculate the remainder when 3107 is divided by 981.
164
What is the remainder when 12673 is divided by 1167?
1003
Calculate the remainder when 8551 is divided by 40.
31
Calculate the remainder when 3846746 is divided by 150.
146
What is the remainder when 5921 is divided by 219?
8
Calculate the remainder when 1930 is divided by 320.
10
Calculate the remainder when 186703 is divided by 186690.
13
Calculate the remainder when 21574 is divided by 4312.
14
Calculate the remainder when 7441 is divided by 355.
341
Calculate the remainder when 181196 is divided by 50.
46
Calculate the remainder when 3636 is divided by 69.
48
What is the remainder when 119210 is divided by 37?
33
Calculate the remainder when 7295 is divided by 659.
46
What is the remainder when 8287 is divided by 828?
7
What is the remainder when 6691 is divided by 50?
41
What is the remainder when 1694 is divided by 415?
34
What is the remainder when 15008 is divided by 14989?
19
Calculate the remainder when 35830 is divided by 11929.
43
Calculate the remainder when 233 is divided by 5.
3
Calculate the remainder when 14836 is divided by 